9db6 + 2?
89db8
In base 7, what is 116431 - 32?
116366
In base 11, what is -16 - 981?
-997
In base 3, what is 11 + -1011010221021?
-1011010221010
In base 15, what is -2ceb - 4?
-2d00
In base 6, what is 4 + 42115?
42123
In base 9, what is 0 - -27287?
27287
In base 2, what is 100110101 - -100110110000?
101011100101
In base 6, what is -13 - -133331?
133314
In base 6, what is 21 + -4511?
-4450
In base 7, what is 36601 + -5?
36563
In base 6, what is 232052 - -2?
232054
In base 14, what is -3 - -9933?
9930
In base 9, what is 21607 - 7?
21600
In base 13, what is -2a2 + -227?
-4c9
In base 10, what is 107 - 395?
-288
In base 12, what is -536 + -8?
-542
In base 4, what is -2332 + -2311121?
-2320113
In base 15, what is 1b9 + 114e?
1318
In base 13, what is 0 - 14a4a2?
-14a4a2
In base 5, what is 3131144 + 40?
3131234
In base 9, what is 114451 - 5?
114445
In base 16, what is 2d - -9be4?
9c11
In base 15, what is 401 - -9b?
49c
In base 6, what is -5 + -254501?
-254510
In base 15, what is 0 + -45c7?
-45c7
In base 15, what is -493 + 31?
-462
In base 12, what is 9 + a8809?
a8816
In base 6, what is -323 + 2111?
1344
In base 10, what is -279 + 440?
161
In base 9, what is 21 - 764?
-743
In base 4, what is -323 - 1303121?
-1310110
In base 2, what is -100010 - 1000001111101?
-1000010011111
In base 3, what is -20200202210 - -1?
-20200202202
In base 13, what is -4 - 99872?
-99876
In base 7, what is -2 + -11432024?
-11432026
In base 2, what is 101011001110110011111000 + -10?
101011001110110011110110
In base 9, what is 5 - -65286?
65302
In base 3, what is 10222 + 21020210?
21101202
In base 2, what is 10001111 - 11101011101?
-11011001110
In base 11, what is 109 + 145?
253
In base 12, what is b + -3783?
-3774
In base 5, what is -4132423 + 12?
-4132411
In base 11, what is a03 + -12a?
884
In base 7, what is -266220 + -16?
-266236
In base 9, what is 515 - -236?
752
In base 16, what is -381a8 - 4?
-381ac
In base 11, what is 107 - -514?
620
In base 16, what is 1163 - 1?
1162
In base 14, what is -2222 + -5?
-2227
In base 9, what is 1 - 188067?
-188066
In base 12, what is 34b + -b08?
-779
In base 15, what is b + -1e77?
-1e6b
In base 4, what is -23 - -2333?
2310
In base 8, what is -3035552 + -2?
-3035554
In base 13, what is c2 + 1a82?
1b74
In base 12, what is 127 + -54?
93
In base 7, what is -65123 + 3?
-65120
In base 3, what is -1 + 101212112010?
101212112002
In base 10, what is 2 - 140638?
-140636
In base 10, what is -271 - 54?
-325
In base 2, what is -1001011110001010 - 100?
-1001011110001110
In base 4, what is 3 - -20233203?
20233212
In base 12, what is -451 - 45?
-496
In base 5, what is -1 - 11411?
-11412
In base 12, what is -8724 + -3?
-8727
In base 6, what is -23544112 - 1?
-23544113
In base 14, what is 45 - -27a?
2c1
In base 7, what is 463 + 6010?
6503
In base 6, what is -105412 + 454?
-104514
In base 16, what is e - 46e?
-460
In base 4, what is -220 + 20?
-200
In base 16, what is -3 + 101f2?
101ef
In base 3, what is -201 + -2110101?
-2111002
In base 11, what is -183a + 16?
-1824
In base 3, what is 1000 + -2220100?
-2212100
In base 8, what is 61 - 157?
-76
In base 16, what is -1ea - 209?
-3f3
In base 12, what is -117428 + -3?
-11742b
In base 9, what is 3008 + -158?
2740
In base 15, what is -4977 - 4?
-497b
In base 9, what is 46 - -2705?
2752
In base 15, what is -5 - -a89c?
a897
In base 5, what is 1023423 - -1104?
1030032
In base 14, what is -26410 + 4?
-2640a
In base 8, what is -5 + -33750?
-33755
In base 14, what is d2939 + 1?
d293a
In base 3, what is -1101111222 - 200?
-1101112122
In base 13, what is -8 + 402b?
4023
In base 5, what is 3421 - 422?
2444
In base 11, what is -3 - -5995?
5992
In base 14, what is -b2cc - 15?
-b303
In base 4, what is -32103 + -1222?
-33331
In base 8, what is 262 + -3135?
-2653
In base 4, what is 1020 + 201110?
202130
In base 9, what is -15 + -3582?
-3607
In base 9, what is 168 + 5038?
5217
In base 5, what is -11442443 + 13?
-11442430
In base 8, what is 3 + 37450?
37453
In base 9, what is -11 - 4815?
-4826
In base 9, what is -2 + 35783?
35781
In base 2, what is -100011000111010100 - -101?
-100011000111001111
In base 15, what is -2e908 - -3?
-2e905
In base 5, what is 341 - -2423?
3314
In base 16, what is 0 - abf5?
-abf5
In base 8, what is -2 - -671734?
671732
In base 14, what is 33c + 16?
354
In base 9, what is -171 - -733?
552
In base 5, what is 32301034 - 10?
32301024
In base 11, what is -16 - -9407?
93a1
In base 14, what is 4427d - 1?
4427c
In base 9, what is -3227 + 26?
-3201
In base 15, what is 38112 - 4?
3810d
In base 3, what is 120100120 - -100012?
120200202
In base 15, what is 6334 + -5?
632e
In base 8, what is -1140 + 105?
-1033
In base 9, what is -5 - 178152?
-178157
In base 15, what is 51 + 634b?
639c
In base 8, what is -1724 - 654?
-2600
In base 12, what is 27 + 1515?
1540
In base 10, what is 3282848 + -4?
3282844
In base 12, what is 1bb2 + 6?
1bb8
In base 13, what is 14 + 4b2b7?
4b2cb
In base 16, what is 6d0 - -10?
6e0
In base 5, what is 10434112 - -1?
10434113
In base 9, what is 11 - -522475?
522486
In base 3, what is -22201 + -100011?
-122212
In base 7, what is -3 + -3500503?
-3500506
In base 5, what is -13 - -3404?
3341
In base 4, what is 1332030 - 112?
1331312
In base 14, what is -5860 + 5?
-5859
In base 11, what is 29 + 2959?
2987
In base 12, what is -2 + -138084?
-138086
In base 5, what is 104212 - -131?
104343
In base 7, what is 31552015 - -5?
31552023
In base 8, what is 3137211 + -4?
3137205
In base 6, what is 115 - 204?
-45
In base 8, what is -1333 + 1561?
226
In base 5, what is -23404031 + -2?
-23404033
In base 13, what is 17950 + -11?
1793c
In base 12, what is 673b + -9?
6732
In base 14, what is -30066 + 4?
-30062
In base 7, what is 0 + -142511?
-142511
In base 7, what is 2542444 - 0?
2542444
In base 16, what is 45061 - 6?
4505b
In base 14, what is -38 + -11469?
-114a3
In base 2, what is 111111111 - -10101111?
1010101110
In base 4, what is 13113 + -130?
12323
In base 8, what is -13226 + -5?
-13233
In base 2, what is -11011 + 1011000?
111101
In base 3, what is -2110122 - 10200?
-2121022
In base 9, what is -424814 - 5?
-424820
In base 11, what is 5 - -5588?
5592
In base 7, what is -3450335 + -3?
-3450341
In base 8, what is 21404 + 42?
21446
In base 14, what is -3a + 16b3a?
16b00
In base 9, what is 7 + 2288?
2306
In base 5, what is 11030043 - -4?
11030102
In base 14, what is 12 - -b270?
b282
In base 12, what is -14 - 811?
-825
In base 16, what is dff99 + 2?
dff9b
In base 9, what is 0 + 162861?
162861
In base 8, what is -2 + 273517?
273515
In base 14, what is -5 - 2881?
-2886
In base 11, what is -220274 - 10?
-220284
In base 16, what is -209d0 - 4?
-209d4
In base 2, what is -11011100000001101101 - -100?
-11011100000001101001
In base 12, what is 1260 - 541?
91b
In base 11, what is -33a33 + -a?
-33a42
In base 5, what is -131210041 - -10?
-131210031
In base 16, what is 7d + 333?
3b0
In base 8, what is 117 + 1000?
1117
In base 7, what is -4 + -22443?
-22450
In base 2, what is 0 - 11010100111?
-11010100111
In base 11, what is -9a04 - -19?
-9996
In base 16, what is -b + 7454?
7449
In base 10, what is 271693 + 9?
271702
In base 13, what is c7 + 211c?
2216
In base 16, what is -d285d9 + -4?
-d285dd
In base 8, what is 1 - 277756?
-277755
In base 10, what is 138 + -324?
-186
In base 12, what is 922 - -1b?
941
In base 10, what is 131303 + 1?
131304
In base 11, what is -15521 + 10?
-15511
In base 8, what is 15637 + 235?
16074
In base 6, what is 2 + 51402?
51404
In base 15, what is 30 - -b3da?
b41a
In base 8, what is -27 - 104134?
-104163
In base 11, what is 165 + -296?
-131
In base 2, what is -1 + -1010010001101?
-1010010001110
In base 14, what is -10452b - -4?
-104527
In base 10, what is -286 - -5?
-281
In base 11, what is -3421 + 15?
-3407
In base 7, what is 11115434 + 5?
11115442
In base 6, what is 5 + -21435?
-21430
In base 3, what is -121002211 + 2100?
-121000111
In base 11, what is 6 - 5750?
-5745
In base 7, what is 10025 + 666?
11024
In base 6, what is -1154203 - -243?
-1153520
In base 16, what is -4421 - d?
-442e
In base 9, what is -25 + 1813?
1777
In base 7, what is -2 - -54152?
54150
In base 16, what is 2 + 1aa0?
1aa2
In base 3, what is -22 - -221201021201?
221201021102
In base 8, what is 6 - 20546?
-20540
In base 15, what i